{"id":6497,"date":"2023-09-14T10:21:36","date_gmt":"2023-09-14T07:21:36","guid":{"rendered":"https:\/\/skolungdom.fi\/?post_type=utlatande&amp;p=6497"},"modified":"2023-09-14T10:21:36","modified_gmt":"2023-09-14T07:21:36","slug":"hallituksen-esitys-eduskunnalle-laeiksi-lastensuojelulain-ja-varhaiskasvatuslain-muuttamisesta-vn-20569-202","status":"publish","type":"utlatande","link":"https:\/\/www.skolungdom.fi\/fi\/utlatande\/hallituksen-esitys-eduskunnalle-laeiksi-lastensuojelulain-ja-varhaiskasvatuslain-muuttamisesta-vn-20569-202\/","title":{"rendered":"Hallituksen esitys eduskunnalle laeiksi lastensuojelulain ja varhaiskasvatuslain muuttamisesta VN\/20569\/202"},"content":{"rendered":"\n<p>Finlands Svenska Skolungdomsf\u00f6rbund FSS&nbsp; antaa lausunnon sosiaali- ja terveysministeri\u00f6n luonnoksesta hallituksen esitykseksi lastensuojelulain ja varhaiskasvatuslain muuttamisesta, sill\u00e4 haluamme ett\u00e4 nuorten \u00e4\u00e4ni kuuluu lains\u00e4\u00e4d\u00e4nn\u00f6n valmistelussa.&nbsp;<\/p>\n\n\n\n<p><br>FSS katsoo ett\u00e4 esityksess\u00e4 ehdotettu lastensuojelun j\u00e4lkihuollon ik\u00e4rajan laskeminen on t\u00e4ysin v\u00e4\u00e4r\u00e4 suunta mik\u00e4li haluamme ehk\u00e4ist\u00e4 lasten ja nuorten syrj\u00e4ytymist\u00e4. J\u00e4lkihuollon ik\u00e4rajaa nostettiin vasta vuonna 2020 eik\u00e4 sen vaikutuksia ole pystytty arvioimaan. Tutkimuksissa on todettu ett\u00e4 syrj\u00e4ytymisen riski on erityisen suuri 25 ik\u00e4vuoteen asti ja ettei muutaman vuoden kest\u00e4v\u00e4 j\u00e4lkihuolto riit\u00e4, jos nuori halutaan kiinnitt\u00e4\u00e4 osaksi yhteiskuntaa (mm. Kanaoja, Oranen &amp; Lavikainen, 2013) Se ett\u00e4 hallitus valtiontalouden tasapainottamiseksi haluaa laskea j\u00e4lkihuollon ik\u00e4rajaa, on t\u00e4ysin tutkimustulosten vastaista. Esityksess\u00e4 todetaan my\u00f6s ett\u00e4 hallituksen kaavailemat leikkaukset toimeentulo- ja asumistukeen tulevat vaikuttamaan negatiivisesti j\u00e4lkihuoltonuoriin. FSS on hyvin huolissaan eri leikkauskohtien yhteisvaikutuksesta kaikkein heikommassa asemassa oleviin nuoriin. N\u00e4ilt\u00e4 nuorilta ev\u00e4t\u00e4\u00e4n kaikki yhteiskunnan tukij\u00e4rjestelm\u00e4t pois, ja pahimmassa tapauksessa t\u00e4m\u00e4 syvent\u00e4\u00e4 heid\u00e4n syrj\u00e4ytymist\u00e4\u00e4n.&nbsp;<\/p>\n\n\n\n<p>J\u00e4lkihuollon tarkoitus on turvata lapselle tai nuorelle tukea mm. asumisen, koulutukseen ja sosiaaliseen toimintakykyyn.&nbsp; Esityksess\u00e4 todetaan ett\u00e4 ik\u00e4rajan laskeminen todenn\u00e4k\u00f6isesti heikent\u00e4\u00e4 kaikkein heikommassa asemassa olevia lastensuojelun asiakkaiden tilannetta, ellei muu palveluj\u00e4rjestelm\u00e4 kykene tehostamaan toimintaansa. Petteri Orpon hallitusohjelmaan kirjattu laaja-alainen toimenpideohjelma on esityksen mukaan yksi v\u00e4line ongelman ratkaisemiseksi. Samalla valtion talousarvioesityksess\u00e4 esitet\u00e4\u00e4n leikkauksia etsiv\u00e4\u00e4n nuorisoty\u00f6h\u00f6n, nuorten ty\u00f6pajoihin ja syrj\u00e4ytymisen ehk\u00e4isev\u00e4\u00e4n nuorisoty\u00f6h\u00f6n. On my\u00f6s ep\u00e4selv\u00e4\u00e4 milloin toimenpideohjelma toteutetaan, mutta j\u00e4lkihuollon ik\u00e4rajaa halutaan alentaa jo 1.1.2024 alkaen. N\u00e4iden perusteluiden my\u00f6t\u00e4, FSS vastustaa hallituksen esityst\u00e4 j\u00e4lkihuollon ik\u00e4rajan laskemisesta ja vaatii hallitusta arvioimaan esityksen pitk\u00e4kantoiset vaikutukset lapsiin ja nuoriin.&nbsp;<\/p>\n\n\n\n<p>L\u00e4hteet:<\/p>\n\n\n\n<p>Kananoja ym. (2013)&nbsp; Toimiva lastensuojelun -selvitysryhm\u00e4n loppuraportti, STM raportteja ja muistioita 2013:19.<\/p>\n","protected":false},"template":"","class_list":["post-6497","utlatande","type-utlatande","status-publish","hentry"],"uagb_featured_image_src":[],"uagb_author_info":{"display_name":"Skolungdom","author_link":"https:\/\/www.skolungdom.fi\/fi\/author\/"},"uagb_comment_info":0,"uagb_excerpt":"Finlands Svenska Skolungdomsf\u00f6rbund FSS&nbsp; antaa lausunnon sosiaali- ja terveysministeri\u00f6n luonnoksesta hallituksen esitykseksi lastensuojelulain ja varhaiskasvatuslain muuttamisesta, sill\u00e4 haluamme ett\u00e4 nuorten \u00e4\u00e4ni kuuluu lains\u00e4\u00e4d\u00e4nn\u00f6n valmistelussa.&nbsp; FSS katsoo ett\u00e4 esityksess\u00e4 ehdotettu lastensuojelun [&hellip;]","_links":{"self":[{"href":"https:\/\/www.skolungdom.fi\/fi\/wp-json\/wp\/v2\/utlatande\/6497","targetHints":{"allow":["GET"]}}],"collection":[{"href":"https:\/\/www.skolungdom.fi\/fi\/wp-json\/wp\/v2\/utlatande"}],"about":[{"href":"https:\/\/www.skolungdom.fi\/fi\/wp-json\/wp\/v2\/types\/utlatande"}],"wp:attachment":[{"href":"https:\/\/www.skolungdom.fi\/fi\/wp-json\/wp\/v2\/media?parent=6497"}],"curies":[{"name":"wp","href":"https:\/\/api.w.org\/{rel}","templated":true}]}}

<p>Finlands Svenska Skolungdomsförbund FSS&nbsp; antaa lausunnon sosiaali- ja terveysministeriön luonnoksesta hallituksen esitykseksi lastensuojelulain ja varhaiskasvatuslain muuttamisesta, sillä haluamme että nuorten ääni kuuluu lainsäädännön valmistelussa.&nbsp;</p>



<p><br>FSS katsoo että esityksessä ehdotettu lastensuojelun jälkihuollon ikärajan laskeminen on täysin väärä suunta mikäli haluamme ehkäistä lasten ja nuorten syrjäytymistä. Jälkihuollon ikärajaa nostettiin vasta vuonna 2020 eikä sen vaikutuksia ole pystytty arvioimaan. Tutkimuksissa on todettu että syrjäytymisen riski on erityisen suuri 25 ikävuoteen asti ja ettei muutaman vuoden kestävä jälkihuolto riitä, jos nuori halutaan kiinnittää osaksi yhteiskuntaa (mm. Kanaoja, Oranen &amp; Lavikainen, 2013) Se että hallitus valtiontalouden tasapainottamiseksi haluaa laskea jälkihuollon ikärajaa, on täysin tutkimustulosten vastaista. Esityksessä todetaan myös että hallituksen kaavailemat leikkaukset toimeentulo- ja asumistukeen tulevat vaikuttamaan negatiivisesti jälkihuoltonuoriin. FSS on hyvin huolissaan eri leikkauskohtien yhteisvaikutuksesta kaikkein heikommassa asemassa oleviin nuoriin. Näiltä nuorilta evätään kaikki yhteiskunnan tukijärjestelmät pois, ja pahimmassa tapauksessa tämä syventää heidän syrjäytymistään.&nbsp;</p>



<p>Jälkihuollon tarkoitus on turvata lapselle tai nuorelle tukea mm. asumisen, koulutukseen ja sosiaaliseen toimintakykyyn.&nbsp; Esityksessä todetaan että ikärajan laskeminen todennäköisesti heikentää kaikkein heikommassa asemassa olevia lastensuojelun asiakkaiden tilannetta, ellei muu palvelujärjestelmä kykene tehostamaan toimintaansa. Petteri Orpon hallitusohjelmaan kirjattu laaja-alainen toimenpideohjelma on esityksen mukaan yksi väline ongelman ratkaisemiseksi. Samalla valtion talousarvioesityksessä esitetään leikkauksia etsivään nuorisotyöhön, nuorten työpajoihin ja syrjäytymisen ehkäisevään nuorisotyöhön. On myös epäselvää milloin toimenpideohjelma toteutetaan, mutta jälkihuollon ikärajaa halutaan alentaa jo 1.1.2024 alkaen. Näiden perusteluiden myötä, FSS vastustaa hallituksen esitystä jälkihuollon ikärajan laskemisesta ja vaatii hallitusta arvioimaan esityksen pitkäkantoiset vaikutukset lapsiin ja nuoriin.&nbsp;</p>



<p>Lähteet:</p>



<p>Kananoja ym. (2013)&nbsp; Toimiva lastensuojelun -selvitysryhmän loppuraportti, STM raportteja ja muistioita 2013:19.</p>

Finlands Svenska Skolungdomsförbund FSS&nbsp; antaa lausunnon sosiaali- ja terveysministeriön luonnoksesta hallituksen esitykseksi lastensuojelulain ja varhaiskasvatuslain muuttamisesta, sillä haluamme että nuorten ääni kuuluu lainsäädännön valmistelussa.&nbsp; FSS katsoo että esityksessä ehdotettu lastensuojelun [&hellip;]
